8 a multiple of 257?
True
Does 14 divide 5055300?
False
Is 1654998 a multiple of 113?
True
Is 353093 a multiple of 256?
False
Is 36 a factor of 14389340?
False
Does 5 divide 125255?
True
Is 521272 a multiple of 184?
True
Is 698008 a multiple of 22?
False
Does 11 divide 112123?
True
Does 25 divide 3700?
True
Is 24282 a multiple of 213?
True
Is 67522 a multiple of 98?
True
Is 40 a factor of 11883920?
True
Is 232 a factor of 183066?
False
Is 46 a factor of 22844?
False
Is 204266 a multiple of 218?
True
Does 374 divide 840752?
True
Is 214 a factor of 6848?
True
Does 6 divide 977206?
False
Does 7 divide 30147?
False
Does 70 divide 4286051?
False
Is 19 a factor of 22232?
False
Does 430 divide 293260?
True
Is 15907792 a multiple of 8?
True
Is 2 a factor of 409501?
False
Does 307 divide 14468723?
False
Is 2420712 a multiple of 42?
True
Does 73 divide 3437?
False
Is 4122159 a multiple of 1198?
False
Is 2061312 a multiple of 1408?
True
Is 4 a factor of 2807420?
True
Is 593916 a multiple of 43?
True
Is 43984 a multiple of 25?
False
Is 1606080 a multiple of 32?
True
Is 68712 a multiple of 7?
True
Is 20 a factor of 865820?
True
Is 42456 a multiple of 3?
True
Is 824 a factor of 9666344?
True
Is 27 a factor of 30532?
False
Is 81 a factor of 13770?
True
Is 54 a factor of 278236?
False
Is 24855 a multiple of 15?
True
Does 110 divide 2924130?
True
Is 118909 a multiple of 23?
False
Is 46640 a multiple of 110?
True
Is 298180 a multiple of 237?
False
Does 686 divide 116457?
False
Is 20 a factor of 35119?
False
Is 1168923 a multiple of 14?
False
Does 2 divide 10633?
False
Is 675 a factor of 101143?
False
Is 235004 a multiple of 228?
False
Does 340 divide 482408?
False
Does 25 divide 67725?
True
Is 1058307 a multiple of 521?
False
Is 281 a factor of 1511499?
True
Is 692 a factor of 6576768?
True
Does 76 divide 365820?
False
Is 50716 a multiple of 111?
False
Is 42 a factor of 32279?
False
Is 8 a factor of 48408?
True
Is 14 a factor of 615721?
False
Is 19 a factor of 60471?
False
Is 18709 a multiple of 53?
True
Is 137 a factor of 20929?
False
Is 3293339 a multiple of 272?
False
Does 33 divide 538269?
False
Is 283374 a multiple of 63?
True
Does 347 divide 901167?
False
Is 630 a factor of 429030?
True
Does 64 divide 2606016?
True
Does 6 divide 1647272?
False
Is 10 a factor of 2698428?
False
Does 7 divide 3750723?
False
Is 278 a factor of 63042?
False
Does 22 divide 112068?
True
Is 134 a factor of 1072?
True
Is 1526006 a multiple of 151?
True
Does 7 divide 2812228?
False
Is 15 a factor of 45?
True
Is 349443 a multiple of 947?
True
Is 32256 a multiple of 72?
True
Is 34 a factor of 242198?
False
Is 9 a factor of 6351777?
True
Does 17 divide 83294?
False
Is 2435900 a multiple of 25?
True
Does 98 divide 83441?
False
Is 1617138 a multiple of 121?
False
Is 21 a factor of 6846?
True
Is 2 a factor of 9464?
True
Does 8 divide 293559?
False
Does 13 divide 99177?
True
Is 294768 a multiple of 8?
True
Does 48 divide 5874?
False
Is 214 a factor of 2496524?
True
Is 100600 a multiple of 22?
False
Is 703 a factor of 319623?
False
Is 1842 a multiple of 27?
False
Does 120 divide 118320?
True
Is 175 a factor of 105619?
False
Is 3529351 a multiple of 150?
False
Does 391 divide 1321298?
False
Is 231 a factor of 3831366?
True
Is 919378 a multiple of 9?
False
Does 35 divide 138985?
True
Does 34 divide 65162?
False
Does 588 divide 453936?
True
Is 132 a factor of 400014?
False
Is 820134 a multiple of 414?
True
Is 2170540 a multiple of 20?
True
Does 106 divide 45819?
False
Is 157108 a multiple of 217?
True
Is 38 a factor of 1006156?
False
Does 331 divide 6331126?
False
Does 56 divide 114946?
False
Is 1299654 a multiple of 103?
True
Is 67244 a multiple of 109?
False
Is 3 a factor of 33585?
True
Is 700029 a multiple of 55?
False
Is 508782 a multiple of 19?
True
Is 127 a factor of 64281?
False
Is 385056 a multiple of 9?
True
Is 5251780 a multiple of 740?
True
Is 1602585 a multiple of 27?
True
Is 10 a factor of 722002?
False
Does 38 divide 834138?
True
Does 12 divide 1038300?
True
Does 15 divide 58350?
True
Does 262 divide 1693568?
True
Does 9 divide 374291?
False
Is 11108410 a multiple of 365?
True
Does 5 divide 216545?
True
Is 561519 a multiple of 184?
False
Is 456244 a multiple of 25?
False
Does 14 divide 10355422?
True
Does 160 divide 87520?
True
Is 30723 a multiple of 77?
True
Does 2 divide 216321?
False
Is 362757 a multiple of 16?
False
Is 10545 a multiple of 37?
True
Is 53 a factor of 697273?
False
Is 4 a factor of 433159?
False
Is 114 a factor of 236406?
False
Is 731040 a multiple of 22?
False
Does 145 divide 4470785?
True
Is 67800 a multiple of 15?
True
Is 20 a factor of 16540?
True
Is 20 a factor of 4861280?
True
Does 198 divide 133113?
False
Is 11 a factor of 22517?
True
Is 7 a factor of 6604045?
True
Is 12 a factor of 215772?
True
Does 141 divide 593187?
True
Does 56 divide 53828?
False
Does 280 divide 105840?
True
Is 623304 a multiple of 93?
False
Does 120 divide 75026?
False
Is 15 a factor of 41594?
False
Does 759 divide 1993522?
False
Is 7 a factor of 333304?
False
Does 4 divide 291912?
True
Does 96 divide 68352?
True
Is 17661060 a multiple of 1180?
True
Is 1035852 a multiple of 11?
False
Is 32 a factor of 14623624?
False
Does 200 divide 92800?
True
Does 47 divide 420224?
False
Does 85 divide 318240?
True
Is 905304 a multiple of 19?
False
Is 11 a factor of 1490940?
True
Does 161 divide 718543?
True
Does 19 divide 4561235?
True
Does 67 divide 223447?
False
Is 222 a factor of 2455986?
True
Is 60 a factor of 214200?
True
Is 19 a factor of 318827?
False
Is 14 a factor of 182980?
True
Is 251 a factor of 555212?
True
Is 157988 a multiple of 508?
True
Is 5134668 a multiple of 21?
True
Does 25 divide 444300?
True
Is 94 a factor of 32762?
False
Does 146 divide 2140506?
True
Is 5 a factor of 2305105?
True
Is 68459 a multiple of 3?
False
Does 124 divide 7059940?
True
Is 302 a factor of 60460?
False
Is 41 a factor of 64020?
False
Is 310752 a multiple of 18?
True
Is 50 a factor of 810429?
False
Is 32 a factor of 177094?
False
Is 530232 a multiple of 6?
True
Does 44 divide 15048?
True
Is 27610 a multiple of 5?
True
Does 54 divide 131760?
True
Is 69 a factor of 707595?
True
Is 9642 a multiple of 16?
False
Is 424 a factor of 16298560?
True
Is 8 a factor of 833512?
True
Is 231 a factor of 424116?
True
Is 36300 a multiple of 100?
True
Is 5681789 a multiple of 187?
False
Is 5 a factor of 3088?
False
Does 13 divide 141095?
False
Is 108681 a multiple of 5?
False
Does 49 divide 115591?
True
Is 183568 a multiple of 56?
True
Does 37 divide 1084175?
False
Is 7 a factor of 1475915?
True
Is 3139756 a multiple of 178?
False
Is 34650 even?
True
Does 341 divide 231198?
True
Is 63821 a multiple of 10?
False
Is 722220 a multiple of 689?
False
Is 40176 a multiple of 24?
True
Is 88421 a multiple of 13?
False
Does 123 divide 773284?
False
Is 77816 a multiple of 137?
True
Is 22 a factor of 253660?
True
Is 171264 a multiple of 192?
True
Does 119 divide 229789?
True
Is 14 a factor of 645876?
True
Is 59 a factor of 9486787?
True
Does 162 divide 2306394?
True
Does 18 divide 1583503?
False
Is 2759307 a multiple of 664?
False
Is 21 a factor of 1210983?
False
Does 272 divide 183876?
False
Is 1197692 a multiple of 268?
True
Is 14 a factor of 29596?
True
Is 18 a factor of 311526?
True
Is 352703 a multiple of 13?
True
Does 20 divide 15322780?
True
Is 19 a factor of 26714?
True
Does 9 divide 167427?
True
Is 35341 a multiple of 59?
True
Does 13 divide 9191041?
False
Is 590219 even?
False
Is 340164 a multiple of 36?
True
Is 71 a factor of 8595991?
False
Is 618 a factor of 1070933?
False
Is 2589552 a multiple of 18?
True
Does 245 divide 388570?
True
Is 315 a factor of 2218684?
False
Is 127427 a multiple of 30?
False
Does 10 divide 499132?
False
Does 487 divide 15725?
False
Does 503 divide 1152658?
False
Is 6862356 a multiple of 36?
True
Does 7 divide 6063?
False
Does 458 divide 9233280?
True
Is 911 a factor of 4489408?
True
Does 116 divide 99838?
False
Is 31 a factor of 896086?
True
Does 4 divide 314110?
False
Is 169689 a multiple of 229?
True
Is 72 a factor of 4589636?
False
Does 41 divide 788717?
True
Is 57 a factor of 56430?
True
Does 7 divide 216152?
False
Does 2 divide 5460?
True
Is 59808 a multiple of 89?
True
Does 182 divid